
{"id":110,"date":"2024-09-30T21:33:42","date_gmt":"2024-09-30T20:33:42","guid":{"rendered":"http:\/\/wp.skiclublaval.fr\/?page_id=110"},"modified":"2025-09-26T17:28:18","modified_gmt":"2025-09-26T16:28:18","slug":"ski-competition","status":"publish","type":"page","link":"https:\/\/www.skiclublaval.fr\/?page_id=110","title":{"rendered":"Ski Comp\u00e9tition"},"content":{"rendered":"<p><a href=\"http:\/\/www.skiclublaval.fr\/wp-content\/uploads\/2022\/10\/panneau-competitions-scaled.jpg\"><img loading=\"lazy\" decoding=\"async\" class=\"alignnone wp-image-1809 size-full\" src=\"http:\/\/www.skiclublaval.fr\/wp-content\/uploads\/2022\/10\/panneau-competitions-scaled.jpg\" alt=\"\" width=\"2560\" height=\"1629\" srcset=\"https:\/\/www.skiclublaval.fr\/wp-content\/uploads\/2022\/10\/panneau-competitions-scaled.jpg 2560w, https:\/\/www.skiclublaval.fr\/wp-content\/uploads\/2022\/10\/panneau-competitions-300x191.jpg 300w, https:\/\/www.skiclublaval.fr\/wp-content\/uploads\/2022\/10\/panneau-competitions-1024x652.jpg 1024w, https:\/\/www.skiclublaval.fr\/wp-content\/uploads\/2022\/10\/panneau-competitions-768x489.jpg 768w, https:\/\/www.skiclublaval.fr\/wp-content\/uploads\/2022\/10\/panneau-competitions-1536x977.jpg 1536w, https:\/\/www.skiclublaval.fr\/wp-content\/uploads\/2022\/10\/panneau-competitions-2048x1303.jpg 2048w\" sizes=\"auto, (max-width: 2560px) 100vw, 2560px\" \/><\/a><\/p>\n<p>La comp\u00e9tition est une culture de longue date \u00e0 l\u2019int\u00e9rieur du club.<\/p>\n<p>Au cours de week-end de 2 jours ou de stages jeunes, nous nous transportons dans les Pyr\u00e9n\u00e9es, les Alpes ou le massif central, th\u00e9\u00e2tre des slaloms (g\u00e9ants ou sp\u00e9ciaux) auxquels nous participons.<\/p>\n<p>Notre \u00e9quipe de comp\u00e9titeurs aligne des coureurs dans toutes les cat\u00e9gories d\u2019\u00e2ge de Microbe \u00e0 Masters.<\/p>\n<p>Pour \u00e9largir nos horizons, nous participons aussi \u00e0 ces comp\u00e9titions nationales afin d\u2019\u00e9talonner nos performances aupr\u00e8s de skieurs plus aguerris.<\/p>\n<p>Nul besoin d\u2019\u00eatre un skieur chevronn\u00e9 pour faire de la comp\u00e9tition, notre volont\u00e9 est de d\u00e9couvrir de nouveaux champions.<\/p>\n<p><a href=\"http:\/\/www.skiclublaval.fr\/wp-content\/uploads\/2022\/10\/panneau-derby-de-la-meije-scaled.jpg\"><img loading=\"lazy\" decoding=\"async\" class=\"alignnone wp-image-1810 size-full\" src=\"http:\/\/www.skiclublaval.fr\/wp-content\/uploads\/2022\/10\/panneau-derby-de-la-meije-scaled.jpg\" alt=\"\" width=\"2560\" height=\"1629\" srcset=\"https:\/\/www.skiclublaval.fr\/wp-content\/uploads\/2022\/10\/panneau-derby-de-la-meije-scaled.jpg 2560w, https:\/\/www.skiclublaval.fr\/wp-content\/uploads\/2022\/10\/panneau-derby-de-la-meije-300x191.jpg 300w, https:\/\/www.skiclublaval.fr\/wp-content\/uploads\/2022\/10\/panneau-derby-de-la-meije-1024x652.jpg 1024w, https:\/\/www.skiclublaval.fr\/wp-content\/uploads\/2022\/10\/panneau-derby-de-la-meije-768x489.jpg 768w, https:\/\/www.skiclublaval.fr\/wp-content\/uploads\/2022\/10\/panneau-derby-de-la-meije-1536x977.jpg 1536w, https:\/\/www.skiclublaval.fr\/wp-content\/uploads\/2022\/10\/panneau-derby-de-la-meije-2048x1303.jpg 2048w\" sizes=\"auto, (max-width: 2560px) 100vw, 2560px\" \/><\/a><\/p>\n\n\n<p><em><strong>Permanences \u00e0 la maison des associations au 17, rue de Rastatt \u00e0 LAVAL : Le mercredi de 18h \u00e0 19h30 et le samedi de 10h \u00e0 12h du 11\/10\/2025 au 11\/03\/2026 (sauf vacances scolaires No\u00ebl et f\u00e9vrier)<\/strong><\/em><\/p>\n","protected":false},"excerpt":{"rendered":"<p>La comp\u00e9tition est une culture de longue date \u00e0 l\u2019int\u00e9rieur du club. Au cours de week-end de 2 jours ou de stages jeunes, nous nous transportons dans les Pyr\u00e9n\u00e9es, les Alpes ou le massif central, th\u00e9\u00e2tre des slaloms (g\u00e9ants ou sp\u00e9ciaux) auxquels nous participons. Notre \u00e9quipe de comp\u00e9titeurs aligne des coureurs dans toutes les cat\u00e9gories [&hellip;]<\/p>\n","protected":false},"author":4,"featured_media":0,"parent":0,"menu_order":2,"comment_status":"open","ping_status":"closed","template":"","meta":{"footnotes":""},"class_list":["post-110","page","type-page","status-publish","hentry"],"_links":{"self":[{"href":"https:\/\/www.skiclublaval.fr\/index.php?rest_route=\/wp\/v2\/pages\/110","targetHints":{"allow":["GET"]}}],"collection":[{"href":"https:\/\/www.skiclublaval.fr\/index.php?rest_route=\/wp\/v2\/pages"}],"about":[{"href":"https:\/\/www.skiclublaval.fr\/index.php?rest_route=\/wp\/v2\/types\/page"}],"author":[{"embeddable":true,"href":"https:\/\/www.skiclublaval.fr\/index.php?rest_route=\/wp\/v2\/users\/4"}],"replies":[{"embeddable":true,"href":"https:\/\/www.skiclublaval.fr\/index.php?rest_route=%2Fwp%2Fv2%2Fcomments&post=110"}],"version-history":[{"count":34,"href":"https:\/\/www.skiclublaval.fr\/index.php?rest_route=\/wp\/v2\/pages\/110\/revisions"}],"predecessor-version":[{"id":1995,"href":"https:\/\/www.skiclublaval.fr\/index.php?rest_route=\/wp\/v2\/pages\/110\/revisions\/1995"}],"wp:attachment":[{"href":"https:\/\/www.skiclublaval.fr\/index.php?rest_route=%2Fwp%2Fv2%2Fmedia&parent=110"}],"curies":[{"name":"wp","href":"https:\/\/api.w.org\/{rel}","templated":true}]}}

Ski Compétition

<p><a href="http://www.skiclublaval.fr/wp-content/uploads/2022/10/panneau-competitions-scaled.jpg"><img loading="lazy" decoding="async" class="alignnone wp-image-1809 size-full" src="http://www.skiclublaval.fr/wp-content/uploads/2022/10/panneau-competitions-scaled.jpg" alt="" width="2560" height="1629" srcset="https://www.skiclublaval.fr/wp-content/uploads/2022/10/panneau-competitions-scaled.jpg 2560w, https://www.skiclublaval.fr/wp-content/uploads/2022/10/panneau-competitions-300x191.jpg 300w, https://www.skiclublaval.fr/wp-content/uploads/2022/10/panneau-competitions-1024x652.jpg 1024w, https://www.skiclublaval.fr/wp-content/uploads/2022/10/panneau-competitions-768x489.jpg 768w, https://www.skiclublaval.fr/wp-content/uploads/2022/10/panneau-competitions-1536x977.jpg 1536w, https://www.skiclublaval.fr/wp-content/uploads/2022/10/panneau-competitions-2048x1303.jpg 2048w" sizes="auto, (max-width: 2560px) 100vw, 2560px" /></a></p>
<p>La compétition est une culture de longue date à l’intérieur du club.</p>
<p>Au cours de week-end de 2 jours ou de stages jeunes, nous nous transportons dans les Pyrénées, les Alpes ou le massif central, théâtre des slaloms (géants ou spéciaux) auxquels nous participons.</p>
<p>Notre équipe de compétiteurs aligne des coureurs dans toutes les catégories d’âge de Microbe à Masters.</p>
<p>Pour élargir nos horizons, nous participons aussi à ces compétitions nationales afin d’étalonner nos performances auprès de skieurs plus aguerris.</p>
<p>Nul besoin d’être un skieur chevronné pour faire de la compétition, notre volonté est de découvrir de nouveaux champions.</p>
<p><a href="http://www.skiclublaval.fr/wp-content/uploads/2022/10/panneau-derby-de-la-meije-scaled.jpg"><img loading="lazy" decoding="async" class="alignnone wp-image-1810 size-full" src="http://www.skiclublaval.fr/wp-content/uploads/2022/10/panneau-derby-de-la-meije-scaled.jpg" alt="" width="2560" height="1629" srcset="https://www.skiclublaval.fr/wp-content/uploads/2022/10/panneau-derby-de-la-meije-scaled.jpg 2560w, https://www.skiclublaval.fr/wp-content/uploads/2022/10/panneau-derby-de-la-meije-300x191.jpg 300w, https://www.skiclublaval.fr/wp-content/uploads/2022/10/panneau-derby-de-la-meije-1024x652.jpg 1024w, https://www.skiclublaval.fr/wp-content/uploads/2022/10/panneau-derby-de-la-meije-768x489.jpg 768w, https://www.skiclublaval.fr/wp-content/uploads/2022/10/panneau-derby-de-la-meije-1536x977.jpg 1536w, https://www.skiclublaval.fr/wp-content/uploads/2022/10/panneau-derby-de-la-meije-2048x1303.jpg 2048w" sizes="auto, (max-width: 2560px) 100vw, 2560px" /></a></p>


<p><em><strong>Permanences à la maison des associations au 17, rue de Rastatt à LAVAL : Le mercredi de 18h à 19h30 et le samedi de 10h à 12h du 11/10/2025 au 11/03/2026 (sauf vacances scolaires Noël et février)</strong></em></p>

<p>La compétition est une culture de longue date à l’intérieur du club. Au cours de week-end de 2 jours ou de stages jeunes, nous nous transportons dans les Pyrénées, les Alpes ou le massif central, théâtre des slaloms (géants ou spéciaux) auxquels nous participons. Notre équipe de compétiteurs aligne des coureurs dans toutes les catégories [&hellip;]</p>
